006 and 17921241.
47
Calculate the greatest common factor of 258 and 6780885.
129
What is the highest common divisor of 215248371 and 13?
13
What is the greatest common divisor of 12589488 and 288?
144
Calculate the highest common divisor of 2329155 and 5538.
213
Calculate the greatest common divisor of 40 and 52320890.
10
What is the highest common factor of 21400832 and 256?
256
What is the highest common factor of 180 and 99559080?
180
Calculate the highest common factor of 1624 and 3933937.
203
What is the highest common factor of 27 and 22886739?
27
Calculate the highest common divisor of 7957378 and 407.
11
What is the highest common divisor of 6 and 1650489?
3
What is the greatest common divisor of 3254098 and 747?
83
What is the highest common divisor of 1154971381 and 391?
391
What is the greatest common divisor of 400124 and 23048?
268
What is the greatest common factor of 162 and 42201198?
18
Calculate the greatest common factor of 200017688 and 39170.
7834
What is the highest common factor of 579865 and 473759?
143
What is the highest common factor of 3598436 and 468263?
1943
Calculate the highest common factor of 193 and 5521927053.
193
What is the highest common factor of 2507663 and 93673?
283
Calculate the greatest common divisor of 144 and 208647072.
144
Calculate the greatest common divisor of 551480 and 510.
170
What is the highest common divisor of 2277206 and 5446?
778
Calculate the greatest common factor of 138 and 8454386.
46
Calculate the greatest common divisor of 20900 and 141588.
76
Calculate the greatest common divisor of 1925242 and 44.
22
Calculate the greatest common divisor of 1440 and 4271616.
288
What is the greatest common factor of 62607024 and 6372?
2124
What is the highest common divisor of 2101746 and 1692?
282
Calculate the greatest common divisor of 21966 and 5334.
42
What is the highest common factor of 24745385 and 455?
35
Calculate the highest common divisor of 484 and 32161316.
484
What is the greatest common divisor of 615836 and 2077080?
3644
Calculate the highest common divisor of 6070924 and 57168.
1588
Calculate the highest common factor of 299 and 111187453.
13
Calculate the highest common divisor of 13016089 and 20395.
4079
What is the highest common factor of 447623 and 18?
1
What is the highest common factor of 96804015 and 99?
33
Calculate the greatest common divisor of 2682672 and 4.
4
What is the highest common divisor of 222079067 and 3577?
511
Calculate the greatest common factor of 11010 and 40554.
6
Calculate the highest common factor of 90934176 and 5034.
5034
What is the highest common divisor of 4694846 and 3445?
689
What is the greatest common divisor of 2068 and 56804?
44
What is the highest common divisor of 646394026 and 41752?
10438
Calculate the highest common divisor of 79266 and 474.
6
Calculate the highest common factor of 58 and 446668.
2
What is the greatest common divisor of 2679445 and 1095610?
1655
Calculate the greatest common factor of 2097 and 23799552.
699
Calculate the highest common factor of 365 and 260107249.
73
Calculate the greatest common divisor of 1540 and 30536660.
1540
Calculate the greatest common divisor of 2496 and 12865632.
1248
Calculate the highest common divisor of 4228718 and 1352.
338
What is the greatest common factor of 7498 and 385526?
46
What is the greatest common divisor of 87 and 5980929?
3
Calculate the highest common divisor of 28937 and 4579.
19
Calculate the greatest common factor of 30 and 8399660.
10
Calculate the highest common factor of 86400 and 1413504.
3456
Calculate the greatest common factor of 16734 and 86788102.
5578
Calculate the highest common divisor of 16284 and 14125426.
118
Calculate the highest common divisor of 256460 and 43740.
20
Calculate the greatest common divisor of 4469 and 80811.
41
Calculate the greatest common divisor of 2460 and 358620.
60
Calculate the highest common divisor of 160 and 10407968.
32
Calculate the greatest common factor of 103141 and 106.
1
Calculate the greatest common divisor of 91 and 67366.
13
Calculate the greatest common factor of 69167 and 121401.
287
What is the greatest common factor of 216 and 1219014?
18
What is the greatest common factor of 316 and 13080004?
4
Calculate the greatest common divisor of 659 and 273907.
1
Calculate the highest common divisor of 7245766 and 234146.
638
Calculate the greatest common divisor of 298006 and 1456022.
218
Calculate the greatest common factor of 570 and 716284515.
285
Calculate the highest common divisor of 17368500 and 28500.
1500
Calculate the highest common factor of 16107 and 4475445.
2301
What is the highest common factor of 409895310 and 2970?
330
What is the greatest common divisor of 22264 and 13444?
4
Calculate the greatest common factor of 123896190 and 22.
22
Calculate the greatest common factor of 20021617 and 616.
77
What is the highest common divisor of 56765288 and 138?
46
What is the greatest common factor of 12847 and 164162953?
443
What is the highest common factor of 6445219 and 7139?
649
Calculate the greatest common divisor of 280278 and 16146.
414
What is the greatest common divisor of 1502300 and 350?
50
Calculate the highest common divisor of 63297717 and 63.
21
What is the greatest common divisor of 4852673 and 2282?
1141
What is the highest common factor of 1481 and 119227?
1
Calculate the highest common divisor of 22932 and 285129.
117
What is the highest common factor of 2034450 and 181800?
450
What is the greatest common divisor of 52224 and 13575?
3
What is the highest common factor of 11 and 93076379?
11
What is the greatest common factor of 41381865 and 630?
315
What is the highest common factor of 610 and 11629589?
61
Calculate the highest common divisor of 1056300 and 7700.
700
What is the greatest common factor of 26496 and 82872?
72
What is the greatest common factor of 140 and 10190220?
20
Calculate the highest common divisor of 12225036 and 2232.
372
What is the highest common divisor of 34194 and 277?
1
What is the highest common factor of 35 and 11103660?
5
Calculate the highest common factor of 52825 and 284950.
25
Calculate the greatest common divisor of 1316 and 2424548.
28
What is the highest common divisor of 1937520 and 111228?
3588
Calculate the greatest common divisor of 1707932 and 384798.
118
What is the greatest common factor of 1005442186 and 51?
17
What is the greatest common divisor of 53358812 and 32864?
4108
Calculate the highest common factor of 73 and 7951.
1
Calculate the highest common divisor of 32594544 and 17185.
491
What is the highest common divisor of 141 and 23805829?
47
What is the greatest common divisor of 24690 and 5556?
6
What is the highest common factor of 136 and 310160036?
68
What is the greatest common divisor of 2142 and 41581113?
21
Calculate the greatest common divisor of 7557900 and 30134.
122
Calculate the greatest common divisor of 33363 and 46900964.
3707
Calculate the greatest common factor of 38 and 191575366.
38
Calculate the highest common divisor of 4003977 and 6865431.
10293
What is the greatest common divisor of 36777 and 63714287?
533
Calculate the greatest common factor of 13233 and 139623.
33
Calculate the highest common factor of 9470520 and 111.
111
What is the highest common factor of 2039086 and 4536?
14
Calculate the highest common divisor of 300 and 41387820.
60
What is the highest common factor of 640674 and 654?
6
What is the highest common factor of 1467560341 and 1073?
1073
Calculate the greatest common factor of 529 and 811877.
23
What is the greatest common divisor of 29712 and 3237370?
1238
What is the highest common divisor of 260133440 and 256?
64
What is the greatest common divisor of 2712 and 770563272?
2712
Calculate the highest common divisor of 12476 and 41348.
4
Calculate the greatest common divisor of 3770 and 4094974.
754
What is the highest common divisor of 10 and 17322610?
10
Calculate the greatest common factor of 716 and 522167523.
179
Calculate the greatest common divisor of 5387925 and 600.
75
Calculate the highest common divisor of 224 and 1365008.
16
Calculate the greatest common factor of 91011 and 4416.
69
Calculate the greatest common divisor of 791 and 409421600.
791
What is the greatest common factor of 